git of b?
2
Let c(i) be the first derivative of i**2/2 + 15*i + 2. What is the units digit of c(0)?
5
Suppose -3*q + 2*o = -0*q + 2, -2 = -2*q + 2*o. Let n = 0 - q. Suppose n = -b + 5. What is the units digit of b?
1
Let y(r) = -10*r - 6. Let i be y(-5). Let s = -30 + i. Suppose 3*f - 10 - s = 0. What is the units digit of f?
8
Suppose 7 + 5 = 4*b. Suppose b*i - 49 = -4. What is the units digit of i?
5
Let m = 30 + 3. What is the units digit of m?
3
Let c be (0 + 3)/((-3)/(-2)). Suppose u = 3 - c. Suppose 0 = a - u. What is the units digit of a?
1
Let t(q) be the third derivative of -q**5/60 + 5*q**4/24 + q**3/2 - 2*q**2. Let w be t(4). Suppose 0 = -5*y + w + 13. What is the units digit of y?
4
Suppose -d + 4*n = 12, -3*d + 0*n - 3*n + 9 = 0. Suppose -2*g + 86 = -d*g. What is the tens digit of g?
4
Let g(s) = -14*s - 33. What is the tens digit of g(-10)?
0
Suppose -6*w + 36 = -3*w. Suppose 2*g + 2*s = 6*g - 96, -3*s = w. What is the units digit of g?
2
Let x(f) = f**2 + 9*f - 11. Let a be x(-11). Suppose -4*n + a = 3. What is the units digit of n?
2
Let r(g) = 5*g - 4. Let u be r(10). Suppose -2*x = 16 - u. What is the units digit of (2 - x/6)*-4?
2
Let g be 4*(-6)/(-16)*10. Let m = 46 - g. What is the units digit of m?
1
Suppose -3*i + 14 + 1 = 0. Let l = i + -3. Suppose -l*f - 3*f = -10. What is the units digit of f?
2
Let q be 6/14 + 6/(-14). Suppose -x + q*x + 8 = 0. What is the units digit of x?
8
Suppose 4*l - 102 = l. What is the units digit of l?
4
Let k(f) = -3*f - 8. Let r(v) = 4*v + 9. Let p(w) = -3*k(w) - 2*r(w). What is the tens digit of p(5)?
1
Let c = 19 + 25. What is the units digit of c?
4
Suppose 0 = -5*u - t + 13, -5*u + 0 = -2*t - 4. What is the tens digit of 3/6 + 31/u?
1
Let w(g) = g**2 - 9*g - 3. What is the units digit of w(12)?
3
Let w(x) = -x**3 + 4*x**2 + 2*x - 3. Let n be w(4). Let j(z) = -z - 4. Let t be j(n). Let h = -6 - t. What is the units digit of h?
3
Let y(a) = 10 - 3*a - 2*a + 3*a. Let w be y(-8). What is the units digit of w/6 - 2/(-3)?
5
Let c = 7 + -3. Suppose -3*k - 4 = 2*u, -c*k - 28 = -3*u - 0*k. Suppose -5*h = -4*l - u*h + 44, 3*l = -4*h + 33. What is the tens digit of l?
1
Suppose 7*a + 0*a = 329. What is the tens digit of a?
4
Suppose 0 = n - 0*r + 3*r - 9, -5*r + 7 = -n. Suppose n*v = v + 10. What is the units digit of v?
5
Let s(t) = -t - 3. Let n be s(-10). Let c = 42 - n. What is the tens digit of c?
3
Suppose 3*o - 12 = 5*o + 2*g, -5*o - 4*g = 30. Let r(a) = -2*a - 1. Let q be r(o). Suppose 5*x = q + 4. What is the units digit of x?
3
Suppose -4*j + j + 426 = 0. What is the units digit of j?
2
Let c = 3 - -1. Suppose h - 1 = -c. Let d = 3 - h. What is the units digit of d?
6
Let h = 488 + -848. What is the tens digit of (3/(-6))/(5/h)?
3
Let i(j) = -13*j - 18. What is the tens digit of i(-14)?
6
Suppose d = -2*x - 3, 2*d - 5*x - 3 = -18. Let y = d - -16. What is the tens digit of y?
1
Let n = 8 + -6. Suppose s - 5*s = -3*i + 16, 8 = n*i. What is the units digit of (-2)/((-6)/(-3))*s?
1
Suppose -2*o = -5*o + 12. Suppose -o = i - 3*i, 5*c - 33 = i. What is the units digit of c?
7
What is the tens digit of 242/8 - 8/32?
3
Let p(k) = 8*k**3 - 3*k**2 + 2*k - 2. Let n(a) = a**3 - 5*a**2 + a - 3. Let x be n(5). What is the units digit of p(x)?
4
Let i(r) = -r**2 + 16*r + 8. Suppose -o - w - 59 = -5*o, 0 = -3*o - 4*w + 30. What is the units digit of i(o)?
6
Let a(c) = c**3 - c**2 - c + 1. Let t(v) = -7*v**3 + 6*v**2 + 7*v - 19. Let h(f) = -6*a(f) - t(f). What is the units digit of h(0)?
3
Let z(u) = -2 + u + 0 + 5. Let i(t) = -3*t + 18. Let n be i(6). What is the units digit of z(n)?
3
Suppose -2*b = x - 1, 0 = -5*x - 4*b - b + 10. Suppose -3*h + p + 39 = 0, -x*p + 65 = 5*h + 2*p. What is the units digit of h?
3
Suppose 6*o - o = 70. What is the units digit of o?
4
Suppose 5*u = -4*f + 638, 7*u + 812 = 5*f + 6*u. What is the hundreds digit of f?
1
Suppose 5*d = -2*h + 21, 0*d = -5*h + 2*d + 9. Let q = h - 2. Let u = q + 2. What is the units digit of u?
3
Let m(i) = i**3 - 7*i**2 + 9. Let f be 3/9 + 40/6. What is the units digit of m(f)?
9
Let x(h) = 5*h**2 + 2*h. Let t be x(2). Suppose o + t = 4*o. What is the units digit of o?
8
Suppose b + t - 2 = 0, -4*b + 4*t + 14 + 18 = 0. Let j(v) = -2*v - v**2 + 4 - b + 2 - 4*v. What is the tens digit of j(-3)?
1
Let m = -16 + 27. Let x = m - 8. Suppose 1 = 4*q - x. What is the units digit of q?
1
Let u(d) = d**2 - 16*d + 11. Let p be u(13). Let s = p - -46. What is the tens digit of s?
1
Let q be 2 + (0 - 0) + -12. Let x = q - -17. What is the units digit of x?
7
Let t = -35 - -66. What is the tens digit of t?
3
Suppose 0 = -r - 0*r + 3. Suppose 0 = 2*j - 2*d + r*d - 20, 6 = -3*d. What is the tens digit of j?
1
What is the tens digit of 1 + (-1 - -19) + 1?
2
Suppose 46 = 2*m - 0*m. What is the tens digit of m?
2
Suppose -4*h + 9*h + 15 = 0. Let z be (-10)/(9/h + 1). Suppose -2*l - 39 = -z*l. What is the tens digit of l?
1
Let q = -9 + 28. What is the units digit of q?
9
What is the tens digit of 2/4*(3 + 105)?
5
Let b = 91 - 13. What is the tens digit of b?
7
Let y(f) = f**3 - 2*f**2 - 1. Let s = -16 + 28. Suppose -3*g = -3*n + s, 2*n - 7*g - 11 = -2*g. What is the units digit of y(n)?
8
Let k = -2 - -78. What is the units digit of k?
6
Let r = -7 + -16. Let x = 44 + r. What is the tens digit of x?
2
Let z(s) = -s**2 - 15*s + 18. What is the tens digit of z(-8)?
7
Let w = 0 - -73. Suppose 4*z + 95 = 5*y, -4*y - 8 = -z - w. What is the tens digit of y?
1
Suppose 13 = -2*g - 5. What is the units digit of (-3)/g + 34/6?
6
Let u = 6 - 1. Suppose u*g - 24 - 31 = 0. What is the units digit of g?
1
What is the tens digit of 3 - 38*12/(-8)?
6
Let q(r) = -r**2 - 10*r. What is the units digit of q(-4)?
4
What is the tens digit of 84 - (1 - (3 - -1))?
8
Let z be 110/(-11) - (0 + 2). What is the units digit of (z/(-24))/(2/124)?
1
Let y = -17 + 25. Suppose 8 = y*p - 4*p. What is the units digit of (-36)/(-21) - p/(-7)?
2
Let p be 230/12 - (-7)/(-42). Suppose 0 = 4*f - l - p - 8, 4*l = 20. What is the units digit of f?
8
Suppose -2*l + 7*l - 345 = 0. What is the tens digit of l?
6
What is the units digit of 1001/14 - (-3)/6?
2
Suppose 2*x = -t - 32, -80 = 7*t - 3*t - 4*x. Let c = 38 + t. What is the units digit of c?
4
Suppose 40*q = 27*q + 5031. What is the tens digit of q?
8
Let n(r) = 2*r + 5. Let s(g) = 8*g + 19. Let h(w) = 9*n(w) - 2*s(w). Let x be h(-5). Let z = x + 13. What is the tens digit of z?
1
Suppose 7*m + 108 = 10*m. What is the units digit of m?
6
Let f = -85 + 108. What is the units digit of f?
3
Let a(z) = -2*z - 7. Suppose -m - x + 5 = 2*x, 4*m - x + 32 = 0. What is the units digit of a(m)?
7
Let o(d) = 2*d + d + d - 3*d + 2*d**2. What is the units digit of o(-2)?
6
Let n(t) be the first derivative of 1/4*t**4 + 7*t - 2 + 1/3*t**3 - 1/2*t**2. What is the units digit of n(0)?
7
Suppose -57 = -5*g + 2*g + 3*p, g = -5*p + 43. What is the tens digit of g?
2
Suppose 4*k - 397 = 299. What is the tens digit of k?
7
Let y = 49 + -26. What is the units digit of y?
3
Let p(r) = r**2 - 8*r + 2. Let j be p(8). Suppose -j*n - 8 = -n - 2*q, 4*n - 5*q + 17 = 0. Suppose -n*l + 25 = -1. What is the units digit of l?
3
Suppose -4*j = 6*x - 2*x - 92, -4*x + 4*j + 68 = 0. What is the tens digit of x?
2
Let b be (24/(-14))/((-7)/49). Suppose -u = -b + 1. What is the units digit of 1*u - (6 - 8)?
3
Let f(m) = 3*m**2 + m. What is the units digit of f(1)?
4
Let x(f) = -26*f + 16. What is the hundreds digit of x(-4)?
1
Let h(t) = t. Let j be h(5). Let g be (-134)/10 - (-2)/j. Let q = -6 - g. What is the units digit of q?
7
Let d(c) = 6*c + 3. What is the tens digit of d(4)?
2
Let v(r) be the third derivative of -r**5/60 + 13*r**4/24 - 2*r**3 + r**2. What is the tens digit of v(8)?
2
Let s(b) = -b**3 + 15. Suppose -8*z = -7*z. What is the tens digit of s(z)?
1
Let j be 0/(-3) - (-4)/(-2). Let r be 4 + 2/(j/1). Suppose -r*w = -8*w + 65. What is the tens digit of w?
1
Let s be ((-20)/8)/(2/(-12)). Let m = -13 + s. What is the units digit of m?
2
Let k = 142 + -93. Let w = -27 + k. What is the tens digit of w?
2
Suppose 111 = 3*i + 24. What is the tens digit of i?
2
What is the units digit of (-38)/(-4) - 3/6?
9
Let n be (2/(-5))/(2/(-50)). Suppose -o + 5 - 1 = 0. Suppose o*x -